mmon divisor of f and h?
20
Suppose -48 = -5*r + 4*r. Let w = -4858 - -4843. Let z = r - w. Calculate the highest common divisor of 7 and z.
7
Let m = 270 - 267. Suppose x - m*k = -0*x + 20, 56 = 5*x - 4*k. Let t(d) = -7*d - 9. Let p be t(-7). What is the greatest common factor of x and p?
8
Let j(o) = -382*o - 2024. Let a be j(-8). Calculate the greatest common factor of a and 258.
258
Suppose 64*z - 71*z - 868 = 0. Let w be (-1)/(2*(5 - z/(-24))). Let u be 1/(-3) + 246/9. Calculate the greatest common divisor of w and u.
3
Let o(j) = 3*j**2 - 17*j + 23. Let l(t) = 3*t**2 - 1. Let b(p) = -2*l(p) + o(p). Let v be b(-6). What is the greatest common factor of v and 532?
19
Suppose 7*w = 22224 + 30619 - 5593. What is the highest common divisor of w and 810?
270
Suppose 17*u = -2*u + 9139. Let d = u - 473. Calculate the highest common factor of 6 and d.
2
Let k(p) = -46*p**3 + p**2. Let h be k(1). Let c = 47 + h. Let m be c/54*654 + (-4)/18. Calculate the highest common factor of 48 and m.
24
Suppose 5*f = -0*a - 2*a + 144, -3*a = -4*f + 106. Suppose -24*u - 140 = -f*u. Let i = u - 17. Calculate the greatest common divisor of i and 6.
6
Suppose 59*g - 65*g - 498 = 0. Let m = g + 94. Calculate the highest common divisor of m and 11.
11
Suppose 3206*s - 3207*s + 3605 = -4*v, -4*s - 2*v = -14546. What is the greatest common factor of 294 and s?
21
Let n(i) = i**3 + 13*i**2 - 2*i - 26. Let c be n(-12). Let p = c - 90. Calculate the highest common factor of 65 and p.
13
Suppose -2*v + 0*n + 310 = 4*n, 25 = 5*n. Suppose -48*l + 74 + 212 - 46 = 0. Calculate the highest common factor of l and v.
5
Suppose -2129*a = -2114*a - 27585. Calculate the highest common factor of a and 12.
3
Let f = -20721 - -20740. Calculate the highest common factor of 19 and f.
19
Suppose -5*s - 20 - 10 = 0. Let a be (s*11/(-99))/(2/90). What is the highest common divisor of a and 30?
30
Suppose 1747 = -79*z + 6724. Calculate the greatest common divisor of z and 5964.
21
Let z = 83 + -23. Let s(x) = x**2 + 6*x + 750. Let k be s(0). Suppose 74*l = 79*l - k. Calculate the greatest common factor of l and z.
30
Let b be 15 - (-48)/(-64)*(-88)/(-6). Let f(l) = 8*l - 4. Let d be f(13). What is the highest common factor of d and b?
4
Let j(i) = -4*i**3 + 258*i**2 - 121*i - 333. Let l be j(64). Let f be (-370)/(-8) + 2/(-8). Calculate the greatest common divisor of f and l.
23
Let g be 4*1 - (-13 + 12). Let o be -3*(g + 70/(-7)). Calculate the highest common divisor of o and 15.
15
Let u = -237 - -226. Let d be ((4 - 8) + 3)*u. Calculate the greatest common factor of d and 1.
1
Let s(a) = -7*a + 3. Let p be s(0). Let h be (-654)/45*p + (-4)/10. Let y = -18 - h. What is the greatest common factor of y and 182?
26
Suppose 3*i + 5*j - 131 = 0, 170 = 6*i - 2*i + 2*j. Suppose 4*d + 336 = 4*r, r + 18 = -5*d + 60. Calculate the greatest common divisor of i and r.
7
Let b(v) = 8*v - 42. Let i be b(-9). Let w be -1 - (i/7 + 18/63). Calculate the highest common divisor of 75 and w.
15
Let b be -15*3/(9/(-29)). Let x(h) = -7*h**2 - 6*h - 2. Let f be x(-4). Let w = -32 - f. Calculate the highest common factor of b and w.
29
Let j be 16/6 + 10/(-15). Suppose 8*f - 5 = 3*f, 0 = -j*z + 3*f + 15. Suppose -5*q + 9*q - 108 = 0. What is the greatest common divisor of q and z?
9
Let d be ((-78)/(-2))/(((-164)/3608)/(2/(-44))). Suppose 0 = 4*h + 12, -504 = -3*w - 4*h + 3*h. What is the highest common factor of d and w?
13
Let q be 9 + -4 + (36/(-8))/((-9)/8010). Calculate the highest common divisor of 20 and q.
10
Suppose -6*y + 3*y - 3 = -3*b, 4*y - 4 = 0. Suppose s + s + 7 = f, -b*s = 2. Suppose 402 = f*q - 238. Calculate the highest common divisor of q and 16.
16
Let d = 17588 - 17432. Calculate the greatest common divisor of 9308 and d.
52
Suppose 4*b = -3*q + 17, 3*q = 4*q + 4*b + 5. Suppose -a = -2*x + 449, q*a - 13*a - 226 = -x. Calculate the greatest common divisor of x and 14.
14
Let d(v) = 6*v**2 - 99*v - 26. Let c = 653 + -636. Let b be d(c). Calculate the greatest common divisor of b and 40.
5
Suppose -49*t + 3218 = 2777. Calculate the highest common factor of t and 11709.
9
Let o(q) = -34*q + 1628. Let l be o(45). Calculate the greatest common factor of l and 6419.
49
Let x be 3075/(-246)*6/(-5) + 21. Let z = -3 - -7. What is the highest common divisor of z and x?
4
Let m be 173/4 + 2*(-1)/8 - 5. Calculate the highest common factor of 20 and m.
2
Let q(s) = 381*s - 19 + 5 + 4 + 4. Let h be q(1). What is the highest common divisor of h and 75?
75
Suppose 20*w + 487 = 21*w. Suppose 10*k + w - 1417 = 0. Calculate the highest common divisor of 124 and k.
31
Suppose 85*r - 70*r = -100*r + 16100. Calculate the highest common divisor of r and 5684.
28
Let o = 104 + -98. Let m(k) = -k**2 + 4*k + 13. Let z be m(o). Let b = 54 + z. Calculate the greatest common divisor of 5 and b.
5
Let c(a) = 3*a + 18. Let w be c(-6). Let k be (-183)/3 - (3 - w/1). Let i be (20/20)/((-2)/k). Calculate the greatest common factor of i and 4.
4
Let s(v) = v**3 - 13*v**2 - 10*v + 12. Let d be (2 + -4)/(96/14 + -7). Let k be s(d). What is the greatest common factor of 20 and k?
4
Let o(z) = 15*z + 63. Let r be o(7). Suppose -4*g - r = -11*g. What is the highest common factor of g and 36?
12
Suppose -4560 = 15*k - 53*k. What is the highest common divisor of k and 15680?
40
Suppose 0 = -106695*g + 106707*g - 54168. What is the greatest common divisor of g and 148?
74
Let z = -27 - -35. Suppose -z*b + 0*b = -336. Let p be 2/4 + 165/30. What is the greatest common factor of b and p?
6
Suppose 57 - 1 = 4*h. Suppose 2*y - 4*r = h, -3*y - 2*r + 16 = -3*r. Suppose -4*w + y*v = -37, -4*v + 8*v = -4. Calculate the highest common factor of w and 8.
8
Let v = -16 + 31. Suppose -12 = -19*n + v*n. Suppose j - z + 32 = n*j, -3*j + 5*z + 22 = 0. What is the highest common divisor of j and 42?
14
Let j be 34716 - ((16 - -1) + -44). What is the highest common factor of 111 and j?
111
Suppose 4*v = 2*v + 196. Let h = 1621 + -1691. Let q = h + v. What is the highest common factor of 112 and q?
28
Let a(q) = -14*q + 28. Let b be a(-14). Let l = b + -160. Let f be 24/(43/(-430)*6/(-4)). Calculate the greatest common divisor of f and l.
32
Suppose 45*v + 124545 = 102*v. Calculate the highest common divisor of v and 95.
95
Suppose 147*j - 11892 - 18684 = 0. What is the greatest common divisor of j and 520?
104
Let f = -56 - -62. Suppose -25 = f*y - 43. What is the highest common factor of 12 and y?
3
Suppose 41*z - 82*z + 5166 = 0. Calculate the highest common factor of 1701 and z.
63
Let j be 335/5 - (1 - 2). Let d = -158 + j. Let b = d - -126. Calculate the highest common divisor of b and 72.
36
Suppose 199*h - 83712 - 22753 = 0. Let o = 38 - 13. Suppose -8*i + o = -h. What is the greatest common factor of i and 28?
14
Let r = -3428 + 3785. Calculate the highest common factor of r and 952.
119
Suppose 273*j + 30*j = -99*j + 2239542. What is the highest common factor of j and 18?
9
Suppose -2*y + 1532 = t, 4*y - 3056 = -57*t + 53*t. Calculate the greatest common factor of y and 160.
32
Let r(j) = j**3 + 20*j**2 + 49*j + 490. Let o be r(-11). What is the highest common divisor of 12 and o?
4
Suppose -113*s = -4*d - 120*s + 6293, 3*d - 4*s - 4766 = 0. Calculate the highest common factor of d and 904.
226
Let q(p) = 6*p**2 + 4*p + 8. Suppose 3*x + 41 = 4*y - 6, 54 = 5*y + x. Suppose -y = 6*s + 13. Let j be q(s). What is the highest common divisor of j and 22?
22
Let z be ((-836)/(-19))/(16/28). Calculate the highest common factor of 2079 and z.
77
Suppose -2*b + 4*c + 490 = 0, 243 = -46*b + 47*b - 4*c. Suppose -5*m = y - 0*y - 36, -2*y - 3*m = -58. Calculate the greatest common factor of y and b.
13
Suppose 0 = 2*y + 16*u - 17*u - 598, 4 = -u. Calculate the highest common divisor of y and 11.
11
Suppose -17500 = 10*q - 30630. What is the greatest common factor of 909 and q?
101
Let x(h) = 7*h - 11. Let s be x(1). Let l be s*(44/(-8))/11. What is the greatest common factor of l and 2?
2
Let m = -14068 + 14074. Let y = -862 + 1618. What is the highest common factor of m and y?
6
Suppose -4*r = -6*r + 38. Let p(h) = -116*h - 80. Let n be p(-2). What is the greatest common factor of n and r?
19
Suppose -10*p + 5*p - 4*j + 936 = 0, 5*j + 900 = 5*p. C